 Suppose 2*q = -3*z, -5*z + 0*z + 1 = a*q. Suppose 14 = z*b - 2*x, -2*b + 5*x - 3 + 23 = 0. What is the units digit of b?
5
Let v(d) = -10*d + 9. Let p(g) = -5*g**2 + 9*g + 24. Let l(i) = -i**2 - i + 1. Let s(m) = 6*l(m) - p(m). Let b be s(-14). What is the tens digit of v(b)?
4
Let r = 168 + -46. Let s = r + -53. What is the tens digit of s?
6
Let u(o) be the first derivative of 7*o**2 - 3*o - 22. What is the tens digit of u(2)?
2
Suppose -5*i - 121 = -f, -5*f + 547 = 10*i - 6*i. What is the tens digit of f?
1
Let r = -2258 + 3166. Suppose r = 7*u - 3*u. Suppose -5*o = 4*s - u, -o = -0*s - s + 59. What is the units digit of s?
8
Suppose 12 = 3*h + h. Suppose h*f - f = 454. Suppose 0 = -3*l - 32 + f. What is the units digit of l?
5
Let o = -1698 + 1919. What is the tens digit of o?
2
Let q = -4 + 7. Let n = q + 5. What is the units digit of 4/n*(10 + 2)?
6
What is the units digit of ((4/24)/1)/(8/49008)?
1
Let w = 1304 + -163. What is the hundreds digit of w?
1
Let t = -11 - -7. Let m(g) = -g**3 - 5*g**2 - 4*g + 6. What is the units digit of m(t)?
6
Let p(a) = 30*a**2 + 4*a + 21. What is the tens digit of p(7)?
1
Suppose -4*a + 6*a = o + 64, a + 4*o = 14. Let q be (-45)/a - (-2)/4. What is the units digit of (-1)/(-2)*(-4)/q?
2
Let m(a) = -2*a**2 + 15*a. Let d be m(6). Suppose 8 + d = j. What is the tens digit of j?
2
Let h = -1227 + 2142. What is the units digit of h?
5
Let m = 9 - -1. Suppose -3*l + l + m = 0. Suppose -15 = -3*j, 0*j + l*j = -f + 54. What is the units digit of f?
9
Suppose 9 = -5*f - a - 2, -a + 1 = -f. Let k be 9 - 4 - 2 - f. Let j(y) = -y + 10. What is the units digit of j(k)?
5
Let a(u) = u - 5. Let z be a(10). Let g = z - -123. What is the units digit of g?
8
Let f(x) = -2 + 23*x - 6*x + 15*x. What is the units digit of f(2)?
2
Let u(m) = 614*m**3 - 16*m**2 + 35*m. What is the thousands digit of u(2)?
4
Suppose -4*j - 3*g + 58 = -0*g, 3*j - 2*g = 52. Suppose j*s - 400 = 6*s. What is the units digit of s?
0
Let s = -5188 + 7264. What is the units digit of s?
6
Let g(j) = 15*j + 371. What is the tens digit of g(19)?
5
Let q = 23 + -23. Let x be 2 - (0 + q + 0). Suppose -3*i + x = -s, 5 = -5*s - 5*i + 55. What is the units digit of s?
7
Let o = 21 - 37. Let v = 3 - o. Suppose -3*l + 44 = -v. What is the units digit of l?
1
Let l = 77 + -77. Suppose -41 = -y + 3*d, -76 = -2*y + 4*d - l*d. What is the units digit of y?
2
Let z(r) = 175*r + 72. What is the tens digit of z(7)?
9
Let j = -29 - -34. Suppose 0 = -5*a, j*a = 4*k - 79 - 73. What is the units digit of k?
8
Let t(b) = b**3 + 11*b**2 - 12*b + 2. What is the tens digit of t(-8)?
9
Suppose 67*q = 35105 + 3286. What is the hundreds digit of q?
5
Suppose 0 = -4*d - d + 20. Let q be 1/((-9)/(-60))*(-45)/(-25). Suppose -q = 2*r - d*r. What is the units digit of r?
6
Let r(o) = 2*o**2 + 7*o - 9. Let x(z) = z**3 + 7*z**2 + 4*z - 12. Let v be x(-6). Let s be -6*(-1)/(v + -1). What is the units digit of r(s)?
1
What is the units digit of (23290/(-10))/((-3)/6)?
8
Let k = 102 - 7. Let d = 5 + k. Suppose 4*v = -v + d. What is the tens digit of v?
2
Let t = -37 - -40. Let k = 13 + -9. Suppose t*m = -5*f + 244, 5*f = k*f + 5*m + 32. What is the units digit of f?
7
Suppose 5*h - 4*a = 63, h + 3*h + 4*a - 36 = 0. Suppose h = -2*x + 55. Suppose -y - 4*c + x = 0, 4*y - 4*c - 68 = -0*y. What is the units digit of y?
8
Suppose 0 = 4*p - 12*p + 40. Suppose -p*i + 25 = 0, 2*i = -4*x + 4*i + 386. What is the tens digit of x?
9
Let b(n) = n**2 - 2*n + 3. Let q be -1*(-5 + 2/((-8)/(-4))). What is the units digit of b(q)?
1
Let u = -1054 - -1513. What is the tens digit of u?
5
Let u(s) = 2*s**2 - 7*s + 7. Suppose -3 = -3*q - 5*k, -5*q + 4*q - 3 = 3*k. What is the tens digit of u(q)?
3
Suppose 3 - 11 = 4*f - 4*l, f + 2*l = -2. What is the hundreds digit of f/(-8) + 19318/104?
1
Let d(y) = 31*y. Let x(r) = -31*r - 1. Suppose 4*l = 2*l - 4. Let a(c) = l*d(c) - 3*x(c). What is the tens digit of a(1)?
3
Let d = -5 + 7. Let s(p) = 4*p**3 + 4*p - 3. Let x be s(d). Let a = -18 + x. What is the tens digit of a?
1
Suppose -5*d + 4*q + 1072 = 112, 777 = 4*d - 5*q. What is the units digit of d?
8
Let o = -714 + 2264. What is the thousands digit of o?
1
Suppose 340 = 2*s - 4*b, -s + 4*b = 3*s - 660. Let d(m) = -2*m + 22. Let k be d(9). Suppose k*i - s = -0*i. What is the tens digit of i?
4
Let t = 325 + 135. What is the units digit of t?
0
Let i be 17/4 + 3/4. Suppose -i*o - 31 = -3*z, -5*z + 4 + 1 = o. Suppose -z*q = -3*v - 51 + 4, 5*q - 121 = 4*v. What is the tens digit of q?
2
Suppose -a = -3*c - 2*c - 1833, -3*c = -2*a + 1097. Let y = c + 619. Suppose 2*w + 104 = 2*l, 3*w = -2*l + 7*l - y. What is the tens digit of l?
4
Suppose p + n - 39 = 0, 3*p + 123 = 6*p + 5*n. Let l = p + -73. Let u = l + 63. What is the units digit of u?
6
Suppose -2672 = -2*r - 940. What is the hundreds digit of r?
8
Let u be (-2)/(-6) - (-33)/9. Let f = 27 + -27. Suppose 0 = -z + 3*l - 5*l + 11, -u*z + 3*l = f. What is the units digit of z?
3
What is the units digit of 8 + 0 + -2 + -3 + 1386?
9
Suppose 17*f - 77 + 9 = 0. Suppose -2*l - c = -502, 2*c + 2*c = f*l - 1004. What is the tens digit of l?
5
Let u(a) be the first derivative of a**5/30 - a**4/24 - 13*a**3/6 - 6*a**2 - 11. Let p(t) be the second derivative of u(t). What is the units digit of p(6)?
3
Suppose 18*v + 2*c + 824 = 20*v, -2*v - c + 830 = 0. What is the tens digit of v?
1
Let a = -19 + 34. Let t = a + -21. Let v(q) = -q**3 - 6*q**2 - 2*q + 1. What is the tens digit of v(t)?
1
Let m be (-2)/(-8) + 1 + 182/8. Let l(j) = -j**2 + 4*j - 1. Let n be l(4). Let s = n + m. What is the units digit of s?
3
Suppose 0 = -y + 4 - 67. Suppose -2*b + 3*a = b - 339, 5*b = -2*a + 600. Let m = b + y. What is the units digit of m?
5
Let x(i) = 72*i**2 + 2*i + 19. What is the tens digit of x(-3)?
6
Let n = 10 - 8. Suppose -h - 2*v = 4, 2*v = -4*h - n*v. What is the tens digit of (h - 1)/(7/77)?
3
Let y(u) = u - 4. Let x be y(0). Let i be x/2*4/8. What is the tens digit of (i/2)/((-4)/208)?
2
Suppose 5*l = 20 - 0. Suppose l*b - 122 - 302 = 0. What is the units digit of b?
6
Let s = -522 + 1058. What is the tens digit of s?
3
Suppose 2348 = 2*t + 2*l, 12 = 4*l + 24. What is the tens digit of t?
7
Suppose -n + 3*m = 2*n - 36, 4*m = -4. Let t = n + 9. What is the tens digit of t?
2
Let t(o) = 41*o - 72. What is the hundreds digit of t(45)?
7
Let m(s) = 18*s**2 - 2*s - 2. Let r = -27 + 26. What is the units digit of m(r)?
8
Let t = 10 + -7. Suppose p - 24 = -2*i, -t*i - 3*p + 38 = -2*p. What is the tens digit of i?
1
Let l(d) = -54*d - 48. What is the tens digit of l(-10)?
9
Let k(o) = o**3 - 2*o + 5. Let q = 22 + -18. What is the tens digit of k(q)?
6
Let u = 595 - 429. What is the hundreds digit of u?
1
What is the tens digit of 5 + (-4293)/(-3) - (4 - -1)?
3
Let h be 6/18*(0 - 0) + 295. Suppose 79*j + h = 84*j. What is the units digit of j?
9
Suppose -174 = 3*n + 3*p - 69, n = 5*p - 5. Let z = n + 32. Suppose 0 = -0*a + z*a - r - 86, -5*r - 10 = 0. What is the tens digit of a?
4
Let w = -16 - -27. Suppose 30 = -w*b + 16*b. Suppose 7 = -b*i + 7*i. What is the units digit of i?
7
Let k be 1*(-446)/30 + 14/(-105). What is the units digit of (-1)/((-5)/k) + (92 - 1)?
8
Let c = -99 + 104. Suppose 120 = n + c*a, 4*a = 2*n - 210 - 16. What is the tens digit of n?
1
Let z be 140/18 + (-34)/(-153). Suppose -40 = o + 3*o + 2*c, 4*c = -z. What is the units digit of 3*(84/o)/(-4)?
7
Let q be -3 - (-9 - -2) - 4. Suppose 3 - 1 = p, q = -3*w + p + 235. What is the units digit of w?
9
Let m(h) = h**2 - 3*h + 3. Let n be m(3). Suppose -c + 3*c + 15 = -5*a, -3 = a + n*c. Let i(g) = g**3 + 2*g**2 - 4*g - 2. What is the units digit of i(a)?
1
Let g(u) = -u**3 + 2*u**2 - 1. Let f be g(2). What is the tens digit of 78*(1 - 7)/(f - 3)?
1
Let l = -8 + 16. Let b(r) be the second derivative of 5*r**3/6 - 2*r**2 - 3*r. What is the units digit of b(l)?
6
Let l(f) = -f**3 + 5*f**2 + 8*f - 9. Let i = -6 + 10. Suppose n = 2*n + i*t + 3, 0 = -4*n + 5*t + 30. What is the tens digit of l(n)?
3
Let l = -1 - -1. Let d be (-2)/3 - (2 + 32/(-12)). What is the units digit of 2 + d/(2 + l)?
2
Let c(n) be the third derivative of -n**2 + 1/15*n**5 + 1/6*n**4 - 1/120*n**6 + 0*n + 5/6*n**3 + 0. What is the units digit of c